s 6 + -1 + (20 + 18 - 22)?
21
What is -4 + (-7 - -3) + -3 + -35 + 42?
-4
Calculate -80 + 94 + (0 - 0 - 6).
8
Calculate 3 + -2 - 2 - (6 + -22 - -3).
12
(4 - 7) + 7 - (2 - 1 - -1)
2
What is the value of -21 - (-5 - (-7 + 22))?
-1
Calculate -12 - (20 + -14 + -5).
-13
(2 - -3 - 2) + -7 - 5
-9
What is the value of (-8 - (-2 - 0 - -1)) + (-11 - -7)?
-11
2 + -10 + -1 + (-6 - -12) - 10
-13
37 - (30 - 38 - -19)
26
What is the value of (3 - -28) + (10 - 22) - 45?
-26
What is the value of (12 + (-6 - 1) + 2 - 8) + 8?
7
What is the value of 33 + -32 + (18 - (-12 + 13))?
18
Calculate 9 + (30 + -9 - 36).
-6
What is 5 + -13 + -10 + 12 + -7 + 3?
-10
What is the value of 8 + -1 - -1 - (3 - (7 - 10))?
2
Calculate -21 + (23 - 7) + 2.
-3
Calculate (9 - 19) + 23 - (-5 + 0).
18
What is -20 + (-25 - -64) + -11?
8
Evaluate 4 - -36 - (49 - 37) - -6.
34
What is the value of 8 + 0 + -2 + (-1 - -6 - 2)?
9
Calculate 5 - ((14 - 23) + 16).
-2
What is 5 + 7 + (-2 - (6 - 5)) - 11?
-2
Calculate (-1 - 9) + 2 + -19 + 28.
1
-198 + 212 + (0 - 3) - -14
25
-9 + (2 + 10 + -3 - 8)
-8
What is the value of -4 - (-8 - (16 + -23))?
-3
-2 + 0 - 3 - ((22 - -4) + -17)
-14
Calculate 0 + (-24 - -3) + 4.
-17
Calculate 14 + 6 + -13 + -5 - (1 + -3).
4
What is 26 + -11 + (17 - 26)?
6
(-51 - -12) + 43 + (-1 - -21)
24
Calculate 10 + (-2 - 0) - (2 - -15).
-9
Calculate (-8 - -3) + 15 + 8.
18
Calculate -10 + 8 + (-3 - -28 - 0).
23
Evaluate (-4 - (-3 + 1 + 4)) + (39 - 1).
32
2 - (4 + (-3 - 3) + (3 - 0))
1
Evaluate -1 - -26 - (-3 + -1 + 15 + -7).
21
40 - (-13 + 58) - (-2 + -9)
6
21 + 4 - (-98 + 116)
7
What is the value of 23 + -32 + 26 + -39?
-22
What is the value of 10 + -10 + (1 - 3) - -3 - -5?
6
Evaluate 10 - (42 + (-62 - -2)).
28
What is -45 - -44 - (2 + (-14 - -1))?
10
What is 0 + 0 - (-8 - 3) - (311 - 307)?
7
Evaluate 36 + -23 - (9 + (8 - 29)).
25
What is -30 - 1 - (-27 - -8)?
-12
Calculate -33 + 4 + -1 + -36 + 44.
-22
What is the value of 11 + (7 - (4 + 5))?
9
What is (25 + -4 - -15) + -10 + -1?
25
What is 16 + (6 - 5) - 5?
12
What is 10 - 15 - (-13 - (-1 + -26))?
-19
What is -2 - ((1 - -6) + (13 - -9) + -33)?
2
What is (13 - 1) + (17 - (34 - 12))?
7
1 - (6 - -14 - (4 - (2 - 3)))
-14
Calculate -18 - (-20 - -12) - (0 + -4).
-6
Evaluate 15 - (-2 - -8) - 7 - -7.
9
Evaluate 68 + -88 + (16 - 0).
-4
(-23 - (-5 - 4)) + 12
-2
What is the value of 29 - (9 - -12) - 0?
8
What is 14 - (4 - -2) - -2?
10
Calculate -24 - (-39 + -6 + 30).
-9
What is the value of (29 - 3) + 29 + -34?
21
What is the value of -15 + (18 - -18) - 4?
17
1 + (5 - -2) + 32 + -38 + 15
17
2 + -18 + -11 + 27 + -3 + -6
-9
Evaluate 3346 + -3363 - (1 + -1 + -24).
7
What is (4 - 11) + -8 - (7 - -2)?
-24
Evaluate -1 - 14 - ((-8 - (-24 + 34)) + 9).
-6
Evaluate 23 + -44 - (8 - 22).
-7
36 + (-1 + -18 - (9 - 19 - -1))
26
Calculate 1 + 4 + -6 - (-4 + 22 - 3).
-16
Calculate 14 + (-18 - 3) - -1.
-6
Evaluate 1 + -1 + 7 + 2.
9
Calculate -42 + 10 + (7 - -5).
-20
What is the value of -3 - (2 + (2 - 5) + 13)?
-15
Calculate (-2 + 48 - 49) + (-2 - -9).
4
Evaluate -5 - (-5 - 9) - (-13 + 7).
15
Evaluate -6 + 9 + 0 + -4 + 10.
9
Calculate 21 + -25 + 36 + -19.
13
Evaluate -11 - ((12 + -9 - 11) + -1 + 18).
-20
Evaluate -4 + 7 + -19 - -1 - -3.
-12
What is -36 + (50 - 31 - 9)?
-26
What is -5 - (22 - (3 - (-9 - 0)) - 11)?
-4
Evaluate 1 + 11 + (-10 - (-4 - 1)) + 1.
8
What is the value of -6 - (6 + -2 + 5)?
-15
What is 14 + -3 + -5 - (15 - (-2 - 0))?
-11
Calculate -8 - 1 - (7 + -12) - -6 - 3.
-1
(-1 - -4) + -3 + -1 + (11 - -3)
13
What is 25 + (-10 - -41 - 67)?
-11
What is the value of -6 + (-1 - (-12 + 2 + 4))?
-1
What is the value of (11 - 0 - 4) + -4 - 5 - 2?
-4
(3 - (-3 - 2)) + -30 + 12
-10
(48 - 42) + (-7 - -4) + -1
2
Evaluate (5 - -13 - (-66 + 124)) + 18.
-22
What is 0 + -3 + (6 - (3 - -8))?
-8
What is 4 - (1 + (-16 - -15))?
4
Calculate 22 + (24 - 42) + 0 + (5 - 1).
8
(9 - 22) + -2 + 12
-3
What is -13 + (-21 - (-28 + -3))?
-3
Calculate -1 - ((1 - 13) + 48 + -24 - 3).
-10
Evaluate (5 + -7 - 0) + -15 + 12.
-5
What is the value of -18 + 34 + (-5 - -14) + -11?
14
Calculate -7 - ((-11 - -4) + (4 - -2)).
-6
Calculate 19 - 3 - (18 + 4 - 16).
10
Evaluate 1 + -9 + 12 - 15.
-11
20 + 0 + (14 + -7 - 17)
10
Evaluate -1 - (-6 - (-4 - -5 - (-6 + 10))).
2
Evaluate 1 + -6 - -4 - 2 - -2.
-1
What is the value of 10 - (16 + 22 + -37)?
9
4 + 7 + 0 + (-7 + -1 - -7)
10
What is -14 + (37 - 14) - 15?
-6
What is the value of -15 - (8 + -6 - -2 - 24)?
5
What is the value of 25 + -23 - (-6 + 4 - 17)?
21
Evaluate -4 + (-9 - (52 + -54 + (-1 - 5))).
-5
What is -42 + 69 - (-15 - (2 + -9 + 3))?
38
Calculate 0 + 25 + 0 - (-26 + 17 + 14).
20
What is (18 + -12 - (-6 + -1)) + 1?
14
Evaluate (-5 - (-12 - -10 - -9)) + 8.
-4
What is the value of 57 + -24 + (3 + -9 - (-30 - -33))?
24
What is the value of (0 - (6 - 4)) + 7 + (-1 - 5)?
-1
Evaluate 38 - 11 - 13 - -2.
16
-4 + -6 + (3 - -1) - (-10 - -18)
-14
What is the value of -3 + (-1 + 1 - (-39 + 3 + 35))?
-2
-19 + 7 + 20 + -11 - (0 - 6)
3
What is (-9 - (-9 + -8)) + 2 + -21?
-11
Calculate 13 + 10 + -28 + 7.
2
What is the value of (1 - -17) + -2397 + 2380?
1
-16 + -7 + 16 + -1
-8
Calculate (30 - (-19 - -34)) + 3.
18
What is the value of 9 + -3 + 6 - (-5 - -3)?
14
Calculate 32 + 29 + -28 + -20.
13
What is 15 - 9 - 17 - -6?
-5
What is -30 + 37 + (-2 - -11) - (-6 - 2)?
24
Calculate 9 + (-60 - (-48 + 7)).
-10
Calculate 4 - ((16 - -4) + -6 + 5 + -3).
-12
Evaluate 4 + -1 - (-28 - (-14 - 16)).
1
Calculate (3 - 8) + -28 + 41.
8
What is 6 - ((-1 - (2 + -1)) + (76 - 50))?
-18
Evaluate (2 + -2 - 1) + -37 + 43.
5
(-15 - 8) + 12 - 6
-17
Evaluate -27 + 1 + 12 + 13.
-1
Calculate -15 + (7 - 9) + 24 + (0 - 14).
-7
What is the value of -2 + -1 - (5 + -18 + 13)?
-3
Evaluate -5 + 3 - (-1 + 15 - (3 + 0)).
-13
(3 - 13) + 8 - 3 - -7
2
What is the value of -12 - (5 + 2 - (13 + -5 - 2))?
-13
-6 - (2 + 6 - (-2 - -9))
-7
What is (-1 - -3 - 4) + 23 + 6 + -9?
18
-5 - (5 - (-7 + 6)) - 1
-12
What is -23 + 12 + 27 + -33?
-17
Calculate (19 - 0) + (-44 - (17 + -58)).
16
What is the value of -5 + 1 + -11 + -2 + 9 + -3?
-11
Evaluate 4 + (-26 - -14) + 14.
6
What is the value of 3 + (-12 - -1 - (58 + -69))?
3
-1 + 3 + -4 - ((19 - 20) + -9)
8
Calculate -20 + 18 - ((7 - 0) + (-5 - 3)).
-1
-6 - (-10 + (13 - -1) - (1 + 1))
-8
What is the value of -2 + (-5 - -1) + (10 - -11)?
15
What is the value of -1 + 1 + -51 + 59?
8
-10 + 25 + -54 + 31
-8
Calculate 13 + -12 + 16 - -3.
20
Evaluate 1 + -1 + 11 + (-11 - -2) - 9.
-7
5 - (-5 - 0 - (0 + -5 + -5))
0
(-1 - -27) + 0 - (4 + (1 - -2))
19
Evaluate -9 - (22 + 5 + -41).
5
(2 - (1 + 1) - (27 + -21)) + 9
3
Calculate 2 + 4 - (179 + -170 + -5 + 1).
1
What is the value of 23 + 32 + -26 - 8?
21
(2 + 5 - (17 + -4)) + 6
0
(9 - 2) + (0 - (-2 - -22))
-13
27 - (4 - -6) - -4 - 5
16
Evaluate -7 - ((-15 - (-18 + 6)) + 16 + -3).
-17
What is the value of (-16 - -24) + 6 + (-4 - 0)?
10
Calculate 42 + -16 + -3 + 5.
28
What is 4 + (2 - -11) + 188 + -183?
22
Calculate (-18 - -23) + 18 + -15.
8
Calculate 4 + (-10 - 2 - (10 - (-13 - -17))).
-14
-33 - (-6 + -3) - -12
-12
Evaluate 29 + -24 - (-4 - 3).
12
Calculate (6 - -1 - (-4 + -14 + -2)) + -6.
21
What is -24 - (-49 - -48 - ((-4 - -2) + 3))?
-22
Evaluate (-9 + -2 - 6) + (5 - 0).
-12
What is the value of -13 - (1 - 4) - -9?
-1
Calculate 2 + (1 - (7 - 6 - -11)).
-9
Evaluate (0 - -4) + (12 - (22 + -14)) + 0.
8
Calculate -31 + 32 + 8 + -1 + 3.
11
What is the value of (1 - (3 - 4) - (3 + -3)) + -11?
-9
What is -14 + (-37 - (-16 + -7))?
-28
Calculate -25 - (3 + -5) - (2 + -2 - 0).
-23
Evaluate -6 + (5 + -8 + 1 - -3 - -3).
-2
What is (-1 - -2) + (3 - 2) + -16?
-14
What is the value of 26 + (15 - 27) + 3 + 16?
33
-15 + -1 + (13 - 7) + -2 + -3
-15
What is (-54 - (-37 - -9)) + -6?
-32
Evaluate 1 - 1 - (-8 + 8 - 2).
2
What is the value of -2 + 8 + -8 - (-6 - (-5 + -6))?
-7
Evaluate (11 - (9 + -24)) + -2 + -7.
17
Evaluate (-1 + -4 + 1 - 2) + -12.
-18
0 + (-1 + (-7 - -14) + -5 - 3)
-2
Evaluate 31 + -26 + 50 - 24.
31
Evaluate -2 + (1 - 1) + -2 + 4 + -5.
-5
What is 17 - 17 - (-1 + -12)?
13
What is the value of (13 - 5) + -7 + 1 + 3?
5
Evaluate -6 + 2 + 21 + 1.
18
What is -5 + 7 + -2 + -22 - (-13 - -10)?
-19
-27 + -6 + 6 + -10 + 20
-17
What is (-14 - (-4 - 0)) + (0 - -22)?
12
Evaluate 5 - (-1 + -4 - (-13 - (-11 - 0))).
8
-2 + 35 + 1 - (-37 +